{"id":77,"date":"2020-08-31T08:32:39","date_gmt":"2020-08-31T08:32:39","guid":{"rendered":"http:\/\/delvallehuyro.com\/index.php\/producto\/boldo\/"},"modified":"2023-04-28T20:29:22","modified_gmt":"2023-04-28T20:29:22","slug":"boldo","status":"publish","type":"product","link":"https:\/\/delvallehuyro.com\/index.php\/producto\/boldo\/","title":{"rendered":"Boldo"},"content":{"rendered":"<div id=\"themify_builder_content-77\" data-postid=\"77\" class=\"themify_builder_content themify_builder_content-77 themify_builder\">\n    <\/div>\n<!-- \/themify_builder_content -->\n","protected":false},"excerpt":{"rendered":"<h3>Boldo<\/h3>\n<p>Ingredientes: Hojas de Boldo 100% Natural.<br \/>\nLas infusiones de hojas de son muy \u00fatiles para tratar el estre\u00f1imiento adem\u00e1s de favorecer la expulsi\u00f3n de los gases, es decir, est\u00e1 recomendado para aquellas personas que padecen c\u00f3licos y flatulencias.<\/p>\n<table style=\"border-bottom: solid 1px gray;\" summary=\"PRESENTACI\u00d3N\">\n<caption style=\"background-color: #a3fbd1;\">PRESENTACI\u00d3N<\/caption>\n<tbody>\n<tr>\n<td><img loading=\"lazy\" decoding=\"async\" class=\"alignnone size-full wp-image-416\" src=\"http:\/\/delvallehuyro.com\/wp-content\/uploads\/2020\/09\/presentacionx32-ico-2.png\" alt=\"\" width=\"150\" height=\"157\" \/><\/td>\n<td>Caja x 25sobres filtrantes<br \/>\nen Planchas x 32 cajas.<\/td>\n<\/tr>\n<tr>\n<td><img loading=\"lazy\" decoding=\"async\" class=\"alignnone size-full wp-image-415\" src=\"http:\/\/delvallehuyro.com\/wp-content\/uploads\/2020\/09\/presentacionx16-ico-1.png\" alt=\"\" width=\"150\" height=\"157\" \/><\/td>\n<td>Caja x 100sobres filtrantes<br \/>\nen Planchas x 16 cajas.<\/td>\n<\/tr>\n<\/tbody>\n<\/table>\n","protected":false},"featured_media":10300,"comment_status":"open","ping_status":"closed","template":"","meta":[],"product_brand":[],"product_cat":[16],"product_tag":[36],"class_list":{"0":"post-77","1":"product","2":"type-product","3":"status-publish","4":"has-post-thumbnail","6":"product_cat-saludable-pura","7":"product_tag-higado","8":"has-post-title","9":"has-post-date","10":"has-post-category","11":"has-post-tag","12":"has-post-comment","13":"has-post-author","14":"","16":"first","17":"instock","18":"featured","19":"taxable","20":"shipping-taxable","21":"purchasable","22":"product-type-simple"},"builder_content":"","_links":{"self":[{"href":"https:\/\/delvallehuyro.com\/index.php\/wp-json\/wp\/v2\/product\/77","targetHints":{"allow":["GET"]}}],"collection":[{"href":"https:\/\/delvallehuyro.com\/index.php\/wp-json\/wp\/v2\/product"}],"about":[{"href":"https:\/\/delvallehuyro.com\/index.php\/wp-json\/wp\/v2\/types\/product"}],"replies":[{"embeddable":true,"href":"https:\/\/delvallehuyro.com\/index.php\/wp-json\/wp\/v2\/comments?post=77"}],"wp:featuredmedia":[{"embeddable":true,"href":"https:\/\/delvallehuyro.com\/index.php\/wp-json\/wp\/v2\/media\/10300"}],"wp:attachment":[{"href":"https:\/\/delvallehuyro.com\/index.php\/wp-json\/wp\/v2\/media?parent=77"}],"wp:term":[{"taxonomy":"product_brand","embeddable":true,"href":"https:\/\/delvallehuyro.com\/index.php\/wp-json\/wp\/v2\/product_brand?post=77"},{"taxonomy":"product_cat","embeddable":true,"href":"https:\/\/delvallehuyro.com\/index.php\/wp-json\/wp\/v2\/product_cat?post=77"},{"taxonomy":"product_tag","embeddable":true,"href":"https:\/\/delvallehuyro.com\/index.php\/wp-json\/wp\/v2\/product_tag?post=77"}],"curies":[{"name":"wp","href":"https:\/\/api.w.org\/{rel}","templated":true}]}}